on factor of 160 and 810352160?
160
Calculate the greatest common factor of 984 and 100751432.
328
What is the highest common divisor of 93271 and 221521?
19
Calculate the highest common factor of 6531 and 166940757.
933
Calculate the highest common divisor of 15184 and 4368247.
949
What is the highest common factor of 308 and 303995846?
154
Calculate the highest common divisor of 135577 and 21099.
13
Calculate the greatest common factor of 481715205 and 105.
15
Calculate the highest common divisor of 44371353 and 134.
67
What is the greatest common divisor of 4245102 and 30607?
127
Calculate the greatest common divisor of 976532 and 3022792.
4052
What is the highest common divisor of 56 and 2016854?
14
Calculate the highest common divisor of 42801574 and 46.
46
What is the highest common divisor of 125071 and 708966?
691
What is the highest common divisor of 434935 and 10?
5
What is the highest common divisor of 6176 and 5594298?
386
What is the greatest common divisor of 545180 and 2560?
20
What is the highest common factor of 55708 and 324719?
733
What is the highest common divisor of 96 and 808719?
3
What is the greatest common factor of 218280 and 1393320?
2040
Calculate the greatest common factor of 136683 and 7677.
9
Calculate the highest common divisor of 1250 and 183150.
50
What is the highest common divisor of 89160133 and 971?
971
What is the highest common factor of 225707174 and 2030?
406
Calculate the highest common factor of 174639069 and 33.
33
What is the highest common divisor of 2706 and 455383269?
1353
What is the highest common divisor of 1047 and 102727103?
349
Calculate the greatest common divisor of 324 and 108780246.
162
What is the greatest common factor of 76766488 and 8?
8
What is the highest common divisor of 12542169 and 2?
1
Calculate the highest common factor of 18200 and 25064.
104
Calculate the greatest common factor of 8252092 and 10278.
1142
What is the greatest common divisor of 180 and 698626170?
90
What is the highest common divisor of 464708365 and 190?
95
What is the greatest common factor of 12433907 and 1009?
1009
What is the greatest common divisor of 499241 and 1415324?
4847
Calculate the greatest common factor of 8466 and 59772.
102
Calculate the highest common divisor of 17719189 and 12876.
37
Calculate the highest common divisor of 1945901 and 13981.
1271
What is the highest common factor of 2517267 and 15240?
381
What is the greatest common factor of 1191500 and 18500?
500
Calculate the highest common factor of 881401963 and 741.
247
Calculate the greatest common divisor of 1539 and 871549.
19
Calculate the greatest common factor of 39480 and 260393160.
5640
What is the highest common divisor of 46747622 and 2468?
1234
Calculate the greatest common divisor of 1260 and 21754026.
126
Calculate the highest common factor of 168 and 9847866.
42
What is the highest common divisor of 3030 and 26536033?
101
What is the greatest common divisor of 18548550 and 3055?
235
What is the highest common factor of 65044 and 2287852?
2828
Calculate the highest common divisor of 69933132 and 648.
324
Calculate the greatest common divisor of 3501 and 80381793.
1167
What is the highest common factor of 7552188 and 366?
6
Calculate the greatest common factor of 4323480 and 1575.
105
Calculate the greatest common factor of 17583934 and 15722.
2246
Calculate the greatest common factor of 550 and 15983.
11
Calculate the greatest common factor of 21377930 and 2494.
58
Calculate the highest common factor of 64909845 and 847.
847
Calculate the greatest common divisor of 16549 and 2582917.
1273
What is the greatest common factor of 5544 and 316514?
22
Calculate the highest common factor of 417768 and 56082.
78
What is the highest common divisor of 55 and 50584259?
11
What is the greatest common divisor of 1665 and 23447492?
37
What is the highest common factor of 10424477 and 271593?
3353
What is the highest common divisor of 452 and 3550234?
226
What is the greatest common divisor of 87 and 8503467?
87
What is the highest common factor of 44 and 333295996?
44
What is the greatest common factor of 509166522 and 1026?
342
Calculate the greatest common factor of 14918046 and 858.
858
What is the highest common factor of 2559538 and 71831?
109
What is the greatest common divisor of 52081471 and 2795?
559
Calculate the highest common divisor of 4482 and 19629.
27
What is the highest common factor of 16884159 and 27?
3
Calculate the greatest common divisor of 57994 and 5962.
542
What is the greatest common divisor of 66966613 and 5936?
371
What is the greatest common factor of 9355330 and 565410?
4010
Calculate the greatest common divisor of 2788 and 12137558.
1394
What is the greatest common divisor of 14 and 15460781?
7
What is the greatest common factor of 46896744 and 32721?
2517
What is the greatest common divisor of 48380 and 104660?
20
What is the highest common divisor of 135852 and 1596?
12
What is the highest common factor of 3079 and 452425181?
3079
Calculate the greatest common factor of 2343708 and 14796.
108
Calculate the greatest common factor of 24 and 96826104.
24
What is the greatest common divisor of 30932 and 18088?
76
What is the highest common divisor of 3633579 and 1716447?
2361
What is the greatest common divisor of 2720 and 15611968?
32
What is the greatest common divisor of 19 and 1177405129?
19
Calculate the highest common divisor of 50 and 34793010.
10
What is the highest common factor of 36226437 and 78?
39
Calculate the highest common divisor of 26179266 and 139389.
1437
Calculate the highest common factor of 2068 and 931427717.
517
Calculate the highest common factor of 1335954 and 66.
6
Calculate the highest common factor of 10288576 and 119168.
1216
Calculate the greatest common divisor of 47038 and 350900.
58
What is the highest common factor of 55357 and 52993?
197
What is the greatest common factor of 1280200 and 16700?
100
Calculate the greatest common factor of 4083 and 19071693.
4083
What is the greatest common divisor of 4788 and 1774296?
684
Calculate the highest common divisor of 71 and 16388433.
71
What is the highest common divisor of 16385 and 406?
29
What is the greatest common factor of 68095852 and 8844?
2948
Calculate the greatest common factor of 3236038 and 18247.
71
Calculate the highest common factor of 30085440 and 750.
30
What is the highest common factor of 265518 and 67569414?
9834
Calculate the greatest common factor of 333 and 1000554.
111
What is the highest common divisor of 5260356 and 2052?
108
Calculate the greatest common factor of 2297347020 and 666.
666
What is the highest common divisor of 449 and 142081111?
449
Calculate the highest common divisor of 45 and 4177875.
15
Calculate the greatest common divisor of 43808 and 54090559.
1369
Calculate the highest common divisor of 42 and 1107422400.
42
What is the greatest common factor of 3276 and 2133404?
364
Calculate the greatest common divisor of 72272084 and 1660.
332
Calculate the highest common factor of 2052 and 9356607.
513
What is the greatest common divisor of 13085408 and 1792?
224
Calculate the highest common divisor of 3828 and 3754965588.
3828
What is the greatest common factor of 1092 and 198352336?
364
What is the highest common factor of 4310 and 17833056?
862
What is the highest common divisor of 32717419 and 14?
7
What is the highest common factor of 6480 and 8978220?
180
Calculate the greatest common factor of 239180663 and 43.
43
Calculate the highest common divisor of 298 and 29340335.
149
Calculate the highest common factor of 153222165 and 21183.
921
What is the greatest common divisor of 10722915 and 1197?
63
Calculate the greatest common divisor of 15753 and 606338221.
5251
What is the highest common factor of 60109341 and 1329?
1329
Calculate the highest common divisor of 1631875 and 1875.
625
Calculate the highest common factor of 2560 and 850.
10
Calculate the highest common divisor of 9000717 and 12771.
1419
Calculate the highest common divisor of 20976400 and 800.
400
What is the greatest common divisor of 1196291510 and 20?
10
Calculate the highest common factor of 1957102 and 129.
43
Calculate the greatest common factor of 1775 and 1984237.
71
What is the highest common factor of 